er when o is divided by 5?
2
Let p = -119 - -273. What is the remainder when p is divided by 39?
37
Let u(p) = 3*p**2 + 5*p - 1. Let d be u(-4). Let x(y) = y**2 - 22*y + 4. Calculate the remainder when x(d) is divided by 35.
34
Suppose -2*y - 16 = -k - k, -4*k = 5*y + 13. Suppose 4*g - k*r - 339 = -0*r, -438 = -5*g - r. Calculate the remainder when g is divided by 27.
6
Let y(v) = v + 1. Let b be y(2). Suppose b*h - 139 = -19. Calculate the remainder when h is divided by 15.
10
Let k(w) = -98*w - 576. Let a = -9 - -14. Suppose -2*p + 163 = a*i + p, 2*i - p = 74. Calculate the remainder when i is divided by k(-6).
11
Let a(w) = w**3 + 3*w**2 - 4*w + 1. Let c be a(-3). Suppose 5*m = 17 + c. What is the remainder when 20 is divided by m?
2
Let u(a) = a + 10. Let x be u(-9). Let o(f) = 32*f**3 - f. Let d = 765 + -754. What is the remainder when o(x) is divided by d?
9
Let l be (-60)/3 + 9/(-3). Let j = 2 + l. Let x = 51 + j. What is the remainder when x is divided by 16?
14
Let w = -792 + 823. What is the remainder when 117 is divided by w?
24
Calculate the remainder when ((-21792)/(-22))/8 - (-2)/11 is divided by 19.
10
Let w = -23 + 43. What is the remainder when (-466)/(-6) + -2*(-6)/(-18) is divided by w?
17
Suppose -m = -4*j + 2*m + 228, 12 = 3*m. What is the remainder when 2512/j - 6/(-45) is divided by 15?
12
Let s = -384 - -389. Calculate the remainder when 67 is divided by s.
2
Suppose 27*c - 643 - 410 = 0. What is the remainder when c is divided by 2?
1
Let l = 25 + -4. Let m = -6 - -9. What is the remainder when -3*(-1)/m*l is divided by 12?
9
What is the remainder when 66 is divided by (-652)/(-20) - 24/40?
2
Let v(l) = -l**3 + 17*l**2 - 26*l - 3. Suppose -3*s = -2*w - 39, -5*s + 102 - 21 = 2*w. What is the remainder when v(s) is divided by 12?
9
Suppose -4*g = 5*s - 0*g - 47, -3*s + 4*g = -41. Calculate the remainder when 153 is divided by s.
10
Suppose -2*w + 2*y + 314 = -w, 5*y = -10. What is the remainder when w is divided by 26?
24
Let k(x) = -33*x - 246. What is the remainder when k(-13) is divided by 29?
9
Suppose -489*x + 486*x = -480. What is the remainder when x is divided by 83?
77
Let f(p) = 2*p**2 + 8*p + 8. What is the remainder when f(-6) is divided by 18?
14
Suppose -5*p + 6 + 4 = 0. Suppose 12 - 36 = p*t. Let u = -4 - t. Calculate the remainder when 13 is divided by u.
5
Let y(p) = p - 1. Let o(h) = -7*h. Let u(t) = o(t) + 5*y(t). Suppose -150 = g - 3*g. Calculate the remainder when g is divided by u(-12).
18
Let j(y) be the first derivative of y**4/4 - 10*y**3/3 + 5*y**2 - 3*y + 3. What is the remainder when 22 is divided by j(9)?
4
Let w(l) = 7*l**2 - 58*l + 22. What is the remainder when w(8) is divided by 3?
0
What is the remainder when 132 is divided by (72/32)/9*76?
18
Suppose -94*x = -85*x - 3069. Calculate the remainder when x is divided by 9.
8
Suppose -12 = -4*x - 0. What is the remainder when 8*(-1)/(1*12/(-6)) is divided by x?
1
Let k = 0 + 43. Suppose i - k = 19. What is the remainder when i is divided by 13?
10
Suppose b - 3 = -2*b. Calculate the remainder when (-10)/(63/(-57) + b) is divided by 33.
29
Suppose 3*i + 1284 = 4*b, -467 + 157 = -b - 2*i. Calculate the remainder when b is divided by 5.
3
Let k = 22 - 73. Let z = k - -33. Let f = z + 25. What is the remainder when 19 is divided by f?
5
Let m(c) = c**2 - 2*c - 2. Let u be m(4). Suppose 2*n + u = 30. What is the remainder when 22/5*(-2 - -7) is divided by n?
10
Let y be (4/(-8))/(1/24). Let o(i) = -i**2 - 12*i + 13. Calculate the remainder when o(y) is divided by 5.
3
Suppose -11*f - 8 = -10*f. Calculate the remainder when 29 is divided by 5 - (-75)/20 - 2/f.
2
Let u = 105 + -18. What is the remainder when u is divided by 18?
15
Let x(a) = -a**2 + 33*a + 1. Calculate the remainder when x(32) is divided by 4.
1
Let r = 123 + -33. What is the remainder when r is divided by 16?
10
Let w(d) = 2*d**2 + 6*d. Let m = -45 - -37. Calculate the remainder when w(-5) is divided by (-10)/8*m - (1 - -2).
6
Suppose m - 17 = -2*u, m = 4*u - 5*u + 17. What is the remainder when -201*(-4)/24*52/26 is divided by m?
16
Let b = 66 - 11. Suppose -2*g = -2*i + b - 15, g - 18 = -i. Suppose 2*u - 60 = 5*h, 4*u + 3*h = -u + 181. Calculate the remainder when u is divided by i.
16
Suppose 4*n - 8*n = 584. Let q = -36 - n. What is the remainder when q is divided by (74/(-4))/((-5)/10)?
36
Let n = 44 + 7. Let g(q) = 16*q**2 - 5*q + 4. Let m(t) = -15*t**2 + 6*t - 5. Let r(k) = 4*g(k) + 3*m(k). What is the remainder when n is divided by r(1)?
15
Suppose 5*h - 3*h + 12 = 0. Suppose 4*n - n = -i + 137, 5*n = -2*i + 228. What is the remainder when n is divided by 4/(8/h) + 15?
10
Suppose -6*c - 5*v - 143 = -9*c, 0 = 5*c + 4*v - 152. Let w = 193 + -55. What is the remainder when w is divided by c?
30
Suppose 0 = -v - 5*p + 11, 5*v + 3*p = 15 + 18. Let o be 40/v*9/2. Let g = -26 + o. Calculate the remainder when 15 is divided by g.
3
Let b = 2555 - 2552. Calculate the remainder when 8 is divided by b.
2
Let y be -2*((-60)/8 - 2). Suppose -y*f = -21*f + 24. What is the remainder when f is divided by 8?
4
Let r(m) = m**3 - 2*m**2 - 6*m + 8. Suppose 0 = 2*f - 4*u - 78, -3*f = -4*u - 14 - 101. Let z = 26 + f. Calculate the remainder when z is divided by r(4).
15
Suppose -4*m + 43 = -r, -2*r - 36 = -4*m + 2. Suppose l = m - 9. Calculate the remainder when l + -2 + (-12)/(-1) is divided by 8.
5
Let n be (-3)/15 + 32/10. Suppose d - 68 = -n*d. Suppose 3*c + 78 + 152 = 5*y, 2*c + 235 = 5*y. Calculate the remainder when y is divided by d.
15
Let q = -171 + 179. Calculate the remainder when (0 - -5)/(1/3) is divided by q.
7
What is the remainder when (-2 - (-8)/14)/(2/(-42)) is divided by 9 - 0 - (1 - 3)?
8
Suppose 5*x + 112 - 437 = 0. Suppose 2*f = -4*h + 2*h + 54, -3*h + f + x = 0. Calculate the remainder when h is divided by 6.
5
Suppose 16*j - j = -1395. Let m = j - -186. What is the remainder when m is divided by 6?
3
Let q = 1 - -2. Suppose j - 2*j = -q*o - 4, 0 = -5*o + 15. Calculate the remainder when 25 is divided by j.
12
Suppose 22 - 2 = 5*v. Suppose -5*m = v*r - 65, 0 = -m - 3*m + 3*r + 83. What is the remainder when (33/(-9))/((-12)/108) is divided by m?
16
Suppose 3*c + 294 = 4*o, -4*c - 4 - 4 = 0. Suppose 6*i - o = 78. What is the remainder when 47 is divided by i?
22
Suppose 0 = 14*b - 9*b + 330. Let t = b + 119. What is the remainder when t is divided by 7?
4
Suppose 0 = -247*u + 260*u - 52. Calculate the remainder when 243 is divided by u.
3
Suppose u = 1, -3*m + 2*m - 5*u + 188 = 0. Suppose -4*g + m = 5*y, y = 4*y + 4*g - 105. Suppose 3*b + b = 56. What is the remainder when y is divided by b?
11
Let r(j) = 28*j**2 - 49*j - 228. What is the remainder when r(-5) is divided by 40?
37
What is the remainder when 9*(-2)/(-63) - (-1020)/7 is divided by 76?
70
Suppose 3*o - 2*x = 40, -x + 23 + 13 = 2*o. Calculate the remainder when (-2)/(-6) - (-268)/6 is divided by o.
13
Suppose -5*m - 4*t + 412 = 0, 75 = 2*m - 3*t - 99. Suppose 9*w + m = 11*w. Let x(y) = -10*y + 2. What is the remainder when w is divided by x(-2)?
20
Let t = -25 + 57. Suppose -3*c = 2*c - 3*p + t, -4*c = 4*p. What is the remainder when 2 + 0 - 180/c is divided by 12?
11
Suppose -n - 2*o = -7, -2*o + 1 - 3 = 0. Suppose h - n = 2*h - 5*g, 2*h + 3*g = 34. Calculate the remainder when (-9)/(72/(-416)) - (1 + -2) is divided by h.
9
Let y(x) = -x + 26. Let i be -3 + (72 - -3)/5. Let l(d) = -8*d - 11. What is the remainder when l(-8) is divided by y(i)?
11
Suppose 2*a - 1160 = -8*a. Calculate the remainder when 463 is divided by a.
115
Let v be 3 + (3 - 2) + -1. Suppose 324 = -0*g + v*g. Calculate the remainder when ((-9)/(-12))/(3/g) is divided by 10.
7
Let f(b) = 5*b + 8. What is the remainder when f(9) is divided by 1/3 - (-246)/18?
11
Let t(o) = -20*o - 311. What is the remainder when t(-32) is divided by 83?
80
Let z(q) = q**3 + 6*q**2 + 10 + 0*q**2 + q**2. Let c(s) = -s**2 + 8*s + 1. Calculate the remainder when c(4) is divided by z(-7).
7
Let b(l) = 10*l - 8. Let k be b(10). Let u = 131 - k. Suppose -4*d + u + 17 = 0. Calculate the remainder when 41 is divided by d.
13
Suppose 4*n - 3060 = -4*s, 2*s = 6*s - 4*n - 3052. Suppose 5*d - s = 931. Suppose -5*b + 2*b = -d. Calculate the remainder when b is divided